pose 0 = -w - 5*l + 30, 50 = 5*w + 7*l - 2*l. Suppose 22 = 2*g + c, -3*c + 6 - w = g. Let u(h) = -2*h + 31. Calculate u(g).
5
Let o(h) = -2*h**2 + 72*h - 80. Let z be (-28)/(-6)*((-253)/(-46) - -2). Calculate o(z).
-10
Suppose -17*a - 15 - 58 = 29. Let n(b) = b**3 + 5*b**2 - 4*b. Determine n(a).
-12
Let b(i) = -i**2 - 6*i. Let t(d) = -d - 4. Let s be t(-5). Let j(a) = -4*a + 6. Let w be j(s). Suppose 0 = 5*f + 2*v + w*v + 27, 5*f + v = -33. Determine b(f).
-7
Let g = -27 + 31. Suppose -2*i + 12 = 2*q + q, -2 = 2*i - g*q. Suppose -i*h + 40 = 67. Let c(b) = -b**3 - 8*b**2 + 11*b + 12. Determine c(h).
-6
Let t be 1/((-1)/12*6). Let v(f) = -2*f**3 - 6*f**2 - 5*f - 5. Let s(y) = y**3 + y**2 + y + 1. Let j(z) = -4*s(z) - v(z). Calculate j(t).
23
Let j(v) = 2*v + 1. Let r(x) = -2*x - 2. Let l(m) = 6*j(m) + 5*r(m). Suppose 0 = 3*f - 6 + 18. Let d be (12/27*6)/(f/(-6)). What is l(d)?
4
Let l be ((-18)/(-10))/((-6 + 13)/(-105)). Let c(m) = -m - 20. Calculate c(l).
7
Let s(u) = -27 + 56*u - 12 + 51*u - 93*u - 18*u**2 + 17*u**2. Determine s(6).
9
Let o(m) = 3 - 4 - 5*m + 18*m**2 - 13*m**2. Let p(k) = 3*k**2 - 4*k - 1. Let y(j) = -3*o(j) + 4*p(j). What is y(-2)?
-11
Suppose -f + 21 = -4*h - 0*h, -5*f - 2*h + 193 = 0. Let a(m) = 30 - 25 - f - m**2 + 21*m. Let v be a(19). Let c(k) = -k**2 + 8*k - 5. What is c(v)?
7
Let q(h) = -h**2 - 20*h + 5. Let s(u) = -78*u**2 - 82*u + 21. Let i(a) = 4*q(a) - s(a). Calculate i(1).
75
Suppose -3*d - 28 + 1 = 5*q, -20 = 2*d + 4*q. Let k be (-7 + 5 + d)*4/(-6). Let g(l) = -3 + 3 - 1 + 2 - 2*l. Calculate g(k).
-7
Let s(x) be the second derivative of x**4/12 - x**3/6 - 43*x**2/2 - 43*x + 4. Calculate s(0).
-43
Let v(h) = -h**3 - 7*h + 6. Let r be v(-3). Suppose 3*c - 78 = r. Suppose -5*j + c = -j. Let f(d) = d**2 - 12*d + 16. What is f(j)?
5
Suppose 26*q - 13*q = 65. Let h(m) = q*m + 37 + 37 - 80. What is h(6)?
24
Let i(u) = -u**3 - 7*u**2 + 5*u + 2. Let q(z) = -8*z**2 - 5*z + 5. Let o be 1/(4/(-8))*150/4. Let h = -74 - o. Let g be q(h). Give i(g).
26
Suppose 2*a = 3*i - 1, -5*i + 5*a = 2 - 7. Let w(l) = 10*l + 14. Let v be w(i). Let k(q) = q - 6. Calculate k(v).
-2
Let q(v) = 2*v**2 - 2*v + 2. Let y(f) = 39*f - 237. Let s be y(6). What is q(s)?
26
Suppose p - 5*f - 40 = -6*f, 0 = -3*f + 3. Suppose -2*c + 3*r - 3 = 0, -c + 20 - p = -5*r. Let k(s) = -4*s + 4. Give k(c).
-20
Let p(h) = h**3 - h**2 + 2. Let n be (-1 - -13)*(11/2)/(-11). Let w be (3 - (-28)/(-8))*n. Give p(w).
20
Let m(l) = l**3 - 6*l**2 + 4*l + 4. Let w be 3665/35 - 4/(-14). Let s(v) = 3*v**2 - 8. Let z be s(6). Let x = w - z. Give m(x).
-1
Suppose 7 = 10*r - 3*r. Let u = -4 - -24. Let n(b) = u*b**2 + 18*b**2 - 3 - 2*b**3 - 37*b**2 + 4 - 2*b. Give n(r).
-2
Suppose j = -5*h + 44 - 11, 4*j = -4*h + 68. Let m(s) = 2*s**2 - 24*s - 28. Let p(k) = -k**2 + 12*k + 14. Let d(v) = -4*m(v) - 7*p(v). What is d(j)?
1
Suppose -13 - 12 = -3*b - 2*l, 2*b - 4*l + 26 = 0. Let v(q) be the first derivative of 42 - 2*q - 2*q**2 + q**b + 1/4*q**4. What is v(-4)?
-2
Let x(s) = -s**3 + 4*s**2 - 4*s + 5. Let r(g) be the second derivative of 5*g**3/6 - 81*g**2/2 - 43*g - 2. Let q be r(17). What is x(q)?
-11
Let r(f) = -f**2 + 5*f - 5. Suppose t + 3*g + 8 = 5, 4*t + g = 10. Suppose 2*h - 14 = -2*d, t*h + d = 4*h - 3. What is r(h)?
-5
Let g(z) = -z**3 - 2*z**2 + 8. Suppose 8*o = 76*o. Give g(o).
8
Let j(n) be the third derivative of -n**4/24 + 4*n**3/3 - 13*n**2. Let z = 5237 + -5234. What is j(z)?
5
Let m(j) = -59*j**3 - 78*j**2 - 5*j - 7. Let z(r) = 4*r**3 + 5*r**2 + 1. Let h(x) = m(x) + 15*z(x). Give h(0).
8
Let g(t) = t - 9. Let x = -135 - -68. Let d be -2 - (1/(-2))/(3/372). Let j = x + d. Give g(j).
-16
Suppose 4*z + 2*y - y = -2, -3*z - 4*y = 8. Let d be (z/(-2) + -1)*-1. Let s(q) = -8*q**2 + 1. Let a be s(d). Let x(t) = t**3 + 7*t**2 + t + 3. Determine x(a).
-4
Let t(a) be the first derivative of -a**4/4 + a**3 - 3*a**2/2 - 3*a + 1. Let g be (-5 - 0) + (14 - (17 - 11)). Give t(g).
-12
Let m be 2/(-8) + ((-356)/48 - (-6)/(-18)). Let v(y) = 9*y + 66. Give v(m).
-6
Let t = -11351 + 11362. Let q(o) = -o**2 + 5*o - 3. What is q(t)?
-69
Let o(v) = v**2 + 3*v + 14. Let l(u) = -2*u**3 - 12*u**2 - 12*u - 76. Let p be l(-6). Determine o(p).
18
Let b(l) be the second derivative of -l**5/20 + 9*l**4/4 + 14*l**3/3 - 583*l. What is b(28)?
0
Let x(q) = q + 7. Suppose 3*n = -3*m + 3, 3*n - 32 + 4 = 2*m. Let p(t) = t**3 - 4*t**2 - 8*t - 17. Let o be p(n). Suppose -27 = o*j + 22. What is x(j)?
0
Suppose -3*t = 2*j - 14 + 3, -2*j + 9 = 5*t. Suppose 4*r - 37 - j = 0. Suppose -8*z + r - 51 = 0. Let o(l) = 2*l + 1. Give o(z).
-9
Let t(b) = 210 - 33 - 98 + b**3 - 35*b + 0*b**2 - 16*b**2 + 3*b**2. What is t(15)?
4
Let l(d) = -34*d - 97. Let j be l(-3). Let o(i) = 8*i + 6. Calculate o(j).
46
Let p(d) = 5*d + 11*d**2 - 14*d**2 + 2 - 3*d + d**3. Let x(i) = -66*i + 728. Let o be x(11). Determine p(o).
2
Let g(s) be the first derivative of -s**3/3 - 3*s**2/2 + 4*s - 232. Suppose 8*z = 3*z - 15. Let o be g(z). Let l(f) = 2*f**2 - 4*f + 1. Determine l(o).
17
Let b(r) = 2*r + 2. Suppose 35 = -100*l + 935. Give b(l).
20
Let i(d) = -d**2 - 6*d + 7. Let q(v) = -74*v**2 - 718*v + 48. Let r(p) = -5*i(p) + q(p). What is r(-10)?
-7
Let o(c) = -7*c**2 + c + 1. Let n be (-55)/15*1*6. Let i = -20 - n. Let d be 1*1/(-2)*i. Calculate o(d).
-7
Let q(n) = -n**2 + 10*n - 14. Let d be q(8). Let o(f) = f**2 - 5*f + 2. Let t(i) = 4*i**2 - 14*i + 6. Let h(x) = d*t(x) - 7*o(x). What is h(-6)?
-8
Let j(m) = -2*m**2 - 19*m + 5. Let z(f) = f**2 + 9*f - 3. Let o(a) = 2*j(a) + 5*z(a). Suppose 3*n - 3*r + 36 = 0, -80*n + 83*n + 6 = -2*r. Calculate o(n).
-11
Let f(o) = -303*o**3 - o + 3 + 80*o**2 + 302*o**3 - 75*o**2 + 3*o. Let u be (2 - -1) + 33/3. Let m = u + -8. Determine f(m).
-21
Let v(a) = 196*a - 396*a - 3 + 38*a**2 + 195*a + 4*a**2 - 23*a**2. Calculate v(-3).
183
Let t(u) = -7*u**2 + u. Let z(p) = p**3 - 44*p**2 - 11*p - 37. Let s(y) = 4*t(y) - z(y). Give s(17).
3
Let k be (-2310)/115 - (-6)/69. Let m be (k + 27)/(1 - -2 - 2). Let z(h) = h - 9. Determine z(m).
-2
Suppose -6*z = -3*z - s - 31, 47 = 3*z - 5*s. Let j(y) = 2 - 18*y + 3*y**2 + z*y + y**3 + 8*y. Calculate j(-2).
8
Let p = -286 - -316. Suppose 8*c - 58 = p. Let u(j) = j**2 - 12*j. Calculate u(c).
-11
Let l(w) = 4*w + 14. Let z be l(17). Let f be (-3)/3 - (1 - 86). Let k(v) = -f*v - z*v - 8 + 164*v. Calculate k(-6).
4
Let h(u) = -u**2 + 6. Suppose 88*t = 93*t - 25. Suppose -t*v - 5*q = 5, v + 4*q - q = -1. Let a(b) = 6*b**3 + b**2 - b - 2. Let n be a(v). Calculate h(n).
-30
Suppose 3*a + 7 - 13 = 0. Let p(j) = -5*j**2 - 3 + 7 - 3 - a*j + j**3 - j**2. Let z be 13/2 + 2/(-4). Give p(z).
-11
Let b(j) = j**3 + 3*j**2 - 1. Suppose 4*d = 3*d - 4*d. Suppose 0 = h - 5, 3*f + d*f + 2*h + 2 = 0. Calculate b(f).
-17
Suppose 23*d - 16*d = 7. Let o(p) be the first derivative of 1/2*p**4 + p - 1/3*p**3 - 1/2*p**2 + 6. Give o(d).
1
Let m(v) = 18*v + 1. Suppose 2*s + w = -8, s + 2*w + 10 = 3*s. Determine m(s).
-17
Let n(w) be the third derivative of 1/60*w**5 - 1/6*w**3 + 0 - w**2 - 5*w - 1/3*w**4. Give n(6).
-13
Let w(d) be the third derivative of 2*d**4/3 + 12*d**3 - 4690*d**2. Determine w(-4).
8
Let k(l) = l**2. Let a(g) = -5*g - 127. Let h be a(-26). Let u(q) = -q**3 + 2*q**2 + 4*q - 2. Let c be u(h). Give k(c).
1
Let n = -10 + 17. Let w(q) = -2221 - 10*q + 3762 + q**2 - 1536. What is w(n)?
-16
Let y(s) = s**2. Suppose 10*x = 5*x + 5. Let d(p) = -7 + 2 + 2 + p**3 + 15*p - 21*p + 2 - 8*p**2. Let c(t) = x*d(t) + 3*y(t). Calculate c(6).
-1
Let z(m) = m**3 - 9*m**2 + 10*m + 6. Suppose 3*u - 21 = -y, 7 - 2 = y - u. Let r be y - (6/6 + 0). Determine z(r).
22
Let w(g) = -1149*g + 379*g + 389*g + 5 + 385*g. Determine w(-2).
-3
Let m(v) be the second derivative of -v**4/2 - 13*v**3/2 + 17*v**2/2 + 7418*v. Determine m(-7).
-4
Let m(a) = -639*a - 101 - 125 + 665*a + 28. Give m(7).
-16
Let r(m) = -5*m - 7. Let y(v) = -11*v - 1. Let g be y(2). Let p be g/4 - (-5)/(-20). Let q(u) = -6*u - 8. Let b(x) = p*q(x) + 7*r(x). Calculate b(-1).
-2
Let p(r) = -15 - 6*r - 3 - 18 - 5*r**2 + 3*r + 38 + r**3. What is p(7)?
79
Let v be (12/(-18))/(-6 - 520/(-90)). Let z(b) = -b**3 + 3*b**2 - b + 6. Calculate z(v).
3
Suppose 5*w + 9*l + 510 = 14*l, 5*l = -2*w - 211. Let f = -108 - w. Let s(r) = 2*r**2 + 7*r + 